 greatest common factor of 407 and 77.
11
What is the greatest common divisor of 6929 and 123?
41
Calculate the highest common divisor of 48 and 114.
6
Calculate the highest common factor of 6 and 186.
6
Calculate the greatest common factor of 48 and 18.
6
Calculate the greatest common factor of 638 and 22.
22
What is the highest common factor of 54 and 14202?
54
Calculate the greatest common factor of 88 and 200.
8
What is the greatest common divisor of 2580 and 240?
60
What is the greatest common divisor of 1458 and 108?
54
Calculate the highest common factor of 32 and 784.
16
Calculate the highest common factor of 1408 and 132.
44
Calculate the greatest common divisor of 89 and 25721.
89
What is the greatest common factor of 2136 and 216?
24
What is the greatest common factor of 4628 and 52?
52
What is the highest common factor of 455 and 35?
35
What is the highest common divisor of 825 and 150?
75
Calculate the greatest common divisor of 1035 and 315.
45
Calculate the highest common factor of 30 and 19200.
30
Calculate the greatest common divisor of 17 and 17.
17
Calculate the greatest common divisor of 184 and 5888.
184
Calculate the greatest common divisor of 66 and 12.
6
Calculate the greatest common divisor of 49 and 1568.
49
What is the highest common divisor of 33 and 143?
11
Calculate the highest common divisor of 210 and 7.
7
Calculate the greatest common factor of 124 and 6076.
124
Calculate the highest common divisor of 77 and 88.
11
What is the greatest common divisor of 135 and 150?
15
Calculate the greatest common factor of 126 and 112.
14
What is the greatest common factor of 3 and 159?
3
Calculate the highest common divisor of 22 and 84326.
22
What is the greatest common factor of 8300 and 100?
100
Calculate the greatest common factor of 11800 and 59.
59
Calculate the highest common divisor of 5 and 40.
5
What is the highest common factor of 52 and 140764?
52
What is the highest common factor of 410 and 920?
10
What is the highest common divisor of 154 and 56?
14
Calculate the greatest common divisor of 270 and 225.
45
Calculate the highest common factor of 26 and 16601.
13
What is the highest common factor of 180 and 960?
60
What is the highest common factor of 18 and 738?
18
Calculate the highest common factor of 735 and 4851.
147
What is the greatest common divisor of 10 and 2120?
10
Calculate the highest common factor of 4155 and 60.
15
Calculate the highest common divisor of 553 and 119.
7
Calculate the highest common divisor of 5550 and 1776.
222
Calculate the greatest common divisor of 161 and 299.
23
What is the highest common divisor of 6 and 150?
6
Calculate the highest common divisor of 976 and 122.
122
Calculate the greatest common factor of 336 and 399.
21
What is the greatest common divisor of 49 and 119?
7
What is the greatest common divisor of 3056 and 32?
16
What is the greatest common factor of 99 and 45?
9
Calculate the greatest common divisor of 116 and 13108.
116
What is the highest common factor of 80 and 62680?
40
What is the highest common divisor of 375 and 24?
3
Calculate the highest common divisor of 21 and 1239.
21
Calculate the highest common divisor of 5 and 67.
1
What is the highest common factor of 4620 and 350?
70
Calculate the greatest common divisor of 10 and 3470.
10
What is the highest common factor of 54 and 342?
18
Calculate the highest common divisor of 676 and 52.
52
What is the greatest common divisor of 632 and 553?
79
Calculate the highest common divisor of 651 and 93.
93
Calculate the greatest common factor of 3576 and 96.
24
What is the greatest common factor of 18 and 2178?
18
What is the highest common factor of 1262 and 10?
2
What is the greatest common factor of 16968 and 126?
42
Calculate the highest common factor of 15 and 4495.
5
Calculate the greatest common factor of 16 and 18752.
16
Calculate the highest common factor of 5568 and 87.
87
What is the greatest common divisor of 1085 and 1736?
217
Calculate the greatest common factor of 672 and 462.
42
Calculate the highest common divisor of 324 and 60.
12
What is the highest common divisor of 6 and 982?
2
What is the highest common divisor of 125 and 30?
5
Calculate the greatest common divisor of 356 and 7921.
89
Calculate the greatest common divisor of 208 and 64.
16
What is the highest common divisor of 191 and 1?
1
What is the highest common factor of 12 and 636?
12
Calculate the highest common divisor of 24 and 28272.
24
Calculate the greatest common factor of 70 and 6342.
14
Calculate the greatest common divisor of 1134 and 1050.
42
What is the highest common divisor of 825 and 25?
25
Calculate the greatest common divisor of 39 and 2431.
13
What is the highest common factor of 7280 and 350?
70
What is the greatest common divisor of 60 and 990?
30
Calculate the highest common divisor of 1352 and 8.
8
Calculate the greatest common divisor of 9 and 197.
1
Calculate the highest common divisor of 99 and 45.
9
Calculate the highest common divisor of 640 and 40.
40
Calculate the highest common factor of 32 and 976.
16
Calculate the highest common factor of 2958 and 816.
102
What is the highest common divisor of 118 and 21771?
59
What is the highest common divisor of 47 and 2209?
47
Calculate the highest common factor of 1417 and 109.
109
What is the highest common divisor of 248 and 217?
31
What is the greatest common divisor of 51 and 15?
3
Calculate the highest common factor of 16 and 15112.
8
What is the greatest common divisor of 15 and 5?
5
What is the highest common divisor of 588 and 1806?
42
Calculate the highest common factor of 339 and 9.
3
What is the highest common divisor of 12 and 12?
12
Calculate the highest common divisor of 10 and 13310.
10
Calculate the highest common factor of 171 and 5415.
57
What is the highest common factor of 4489 and 2412?
67
Calculate the highest common factor of 35 and 20.
5
What is the greatest common divisor of 65 and 12025?
65
What is the greatest common factor of 95 and 285?
95
What is the greatest common divisor of 39 and 312?
39
Calculate the highest common divisor of 240 and 60.
60
What is the highest common divisor of 10414 and 82?
82
Calculate the greatest common divisor of 1281 and 189.
21
Calculate the greatest common factor of 135 and 45.
45
Calculate the highest common factor of 602 and 688.
86
Calculate the greatest common factor of 416 and 299.
13
Calculate the highest common factor of 152 and 120.
8
Calculate the highest common factor of 102 and 102.
102
Calculate the highest common divisor of 23 and 55729.
23
Calculate the greatest common divisor of 748 and 484.
44
Calculate the greatest common divisor of 4 and 4.
4
What is the highest common factor of 7 and 553?
7
Calculate the highest common divisor of 7 and 21.
7
What is the highest common divisor of 252 and 112?
28
What is the greatest common factor of 4 and 236?
4
Calculate the highest common factor of 81 and 9.
9
What is the greatest common divisor of 273 and 1456?
91
What is the highest common divisor of 3420 and 450?
90
What is the greatest common divisor of 111 and 333?
111
Calculate the highest common factor of 470 and 80.
10
What is the highest common divisor of 62 and 93?
31
What is the highest common divisor of 240 and 9960?
120
What is the greatest common divisor of 95 and 6289?
19
What is the greatest common factor of 3552 and 74?
74
What is the highest common divisor of 9 and 219?
3
Calculate the greatest common divisor of 37 and 39.
1
What is the greatest common divisor of 1222 and 2314?
26
Calculate the greatest common factor of 15 and 465.
15
Calculate the highest common factor of 16 and 3088.
16
What is the highest common divisor of 266 and 38?
38
What is the greatest common divisor of 14 and 434?
14
What is the highest common divisor of 48 and 68?
4
Calculate the greatest common divisor of 792 and 72.
72
What is the greatest common divisor of 8 and 12?
4
What is the highest common divisor of 134 and 335?
67
What is the greatest common divisor of 33 and 12?
3
Calculate the greatest common divisor of 214 and 3531.
107
What is the greatest common divisor of 8 and 166?
2
What is the greatest common factor of 11925 and 18?
9
What is the greatest common divisor of 384 and 5496?
24
Calculate the g